3, 43, 5002519
What are the prime factors of 41640861?
3, 71, 195497
What are the prime factors of 84186833?
101, 907, 919
List the prime factors of 797594994.
2, 3, 7, 6330119
What are the prime factors of 2769077464?
2, 73, 1223, 3877
List the prime factors of 3990027116.
2, 997506779
What are the prime factors of 125874875?
5, 7, 20551
What are the prime factors of 144262549?
43, 83, 487
List the prime factors of 57435030.
2, 3, 5, 149, 4283
List the prime factors of 62842687.
37, 149, 11399
What are the prime factors of 319406380?
2, 5, 15970319
List the prime factors of 8082374253.
3, 9491, 283861
List the prime factors of 348984657.
3, 7, 5539439
What are the prime factors of 47583796?
2, 13, 487, 1879
List the prime factors of 393621623.
461, 853843
What are the prime factors of 145731921?
3, 48577307
List the prime factors of 358522391.
17471, 20521
List the prime factors of 1250161919.
43, 29073533
What are the prime factors of 1294732903?
17, 19, 4008461
What are the prime factors of 167436432?
2, 3, 1162753
What are the prime factors of 89411519?
103, 868073
What are the prime factors of 245602542?
2, 3, 47, 870931
List the prime factors of 261155761.
261155761
List the prime factors of 93336752.
2, 5833547
What are the prime factors of 97335334?
2, 6287, 7741
What are the prime factors of 1568309416?
2, 43, 101, 45139
What are the prime factors of 76064895?
3, 5, 829, 2039
What are the prime factors of 467037197?
11, 42457927
List the prime factors of 2397193590.
2, 3, 5, 11, 71, 101, 1013
List the prime factors of 133679727.
3, 53, 31139
What are the prime factors of 35968307?
35968307
List the prime factors of 131242624.
2, 1025333
What are the prime factors of 161492565?
3, 5, 13, 127, 6521
List the prime factors of 10430493.
3, 67, 51893
What are the prime factors of 824773416?
2, 3, 1483, 23173
List the prime factors of 282082677.
3, 94027559
List the prime factors of 125262828.
2, 3, 257, 4513
List the prime factors of 225690042.
2, 3, 37615007
What are the prime factors of 672319862?
2, 79, 1063, 4003
List the prime factors of 838316843.
7, 13, 1316039
What are the prime factors of 659466586?
2, 313, 1053461
What are the prime factors of 846204357?
3, 6091, 46309
List the prime factors of 36548273.
421, 86813
What are the prime factors of 3640685120?
2, 5, 1249, 9109
What are the prime factors of 32647360?
2, 5, 102023
What are the prime factors of 1064033099?
1064033099
What are the prime factors of 20965825?
5, 838633
List the prime factors of 178170213.
3, 13, 23, 307, 647
List the prime factors of 149642209.
23, 6506183
List the prime factors of 67967547.
3, 17, 67, 19891
List the prime factors of 573047074.
2, 277, 1034381
What are the prime factors of 575930379?
3, 3433, 55921
What are the prime factors of 531051884?
2, 11, 71, 169991
What are the prime factors of 274174322?
2, 8821, 15541
List the prime factors of 1715231926.
2, 25931, 33073
What are the prime factors of 161665527?
3, 31, 229, 7591
List the prime factors of 44040453.
3, 14680151
List the prime factors of 222671580.
2, 3, 5, 103, 137, 263
List the prime factors of 869383911.
3, 11, 217727
List the prime factors of 136843889.
7, 13, 31, 179, 271
List the prime factors of 923239134.
2, 3, 337, 1879
List the prime factors of 104937903.
3, 7, 151, 3677
What are the prime factors of 101095856?
2, 23, 29, 9473
What are the prime factors of 1668507173?
19, 101, 869467
What are the prime factors of 152411892?
2, 3, 23, 552217
What are the prime factors of 1286628056?
2, 7, 22975501
List the prime factors of 73164086.
2, 36582043
What are the prime factors of 1713946716?
2, 3, 5289959
What are the prime factors of 1282810702?
2, 877, 731363
List the prime factors of 45621156.
2, 3, 7, 77587
What are the prime factors of 138822500?
2, 5, 55529
What are the prime factors of 169798679?
169798679
What are the prime factors of 924544721?
313, 2953817
List the prime factors of 42185491.
19, 2220289
What are the prime factors of 6824277?
3, 197, 1283
List the prime factors of 16236143.
7, 11, 29, 661
List the prime factors of 26638310.
2, 5, 2663831
What are the prime factors of 12778435?
5, 2555687
List the prime factors of 2499484844.
2, 5119, 122069
List the prime factors of 338868721.
881, 384641
What are the prime factors of 2525600822?
2, 107, 11801873
List the prime factors of 139794007.
29, 4820483
What are the prime factors of 2232004237?
1151, 1939187
List the prime factors of 238859044.
2, 17, 3512633
What are the prime factors of 17019465?
3, 5, 17, 31, 2153
List the prime factors of 628548988.
2, 197, 521, 1531
List the prime factors of 4001066493.
3, 19, 271, 259019
List the prime factors of 53960937.
3, 1997, 9007
What are the prime factors of 442503922?
2, 7, 31607423
What are the prime factors of 2361710288?
2, 7, 23, 127, 7219
What are the prime factors of 11676843?
3, 109, 11903
What are the prime factors of 23496266?
2, 11748133
List the prime factors of 15850675.
5, 29, 21863
List the prime factors of 161066594.
2, 13, 6194869
List the prime factors of 44717184.
2, 3, 19, 227
What are the prime factors of 1223059020?
2, 3, 5, 20384317
List the prime factors of 437113343.
437113343
What are the prime factors of 46034877?
3, 7, 137, 16001
List the prime factors of 5477335695.
3, 5, 13, 3120989
List the prime factors of 577453945.
5, 29, 59, 67499
What are the prime factors of 5162566818?
2, 3, 4639, 185477
List the prime factors of 407648920.
2, 5, 7, 367, 3967
What are the prime factors of 74744101?
107, 698543
What are the prime factors of 116225881?
29, 4007789
What are the prime factors of 265524706?
2, 132762353
What are the prime factors of 48202963?
23, 787, 2663
What are the prime factors of 107562703?
61, 1763323
What are the prime factors of 109422222?
2, 3, 7, 13, 200407
What are the prime factors of 1845320963?
43, 42914441
What are the prime factors of 442393643?
442393643
List the prime factors of 218205562.
2, 109102781
What are the prime factors of 1760307958?
2, 4057, 216947
List the prime factors of 10861753.
7, 761, 2039
List the prime factors of 844883872.
2, 7, 538829
What are the prime factors of 201524141?
7, 13, 67, 33053
What are the prime factors of 290295744?
2, 3, 41, 36877
What are the prime factors of 1829435650?
2, 5, 7, 5226959
What are the prime factors of 23835669?
3, 11, 13, 5051
What are the prime factors of 607611235?
5, 7, 11, 109, 14479
List the prime factors of 1285606360.
2, 5, 32140159
List the prime factors of 87579270.
2, 3, 5, 281, 3463
What are the prime factors of 210173372?
2, 67, 784229
List the prime factors of 434348311.
434348311
List the prime factors of 485253958.
2, 7, 19, 260609
List the prime factors of 21736157.
21736157
List the prime factors of 163043065.
5, 1493, 21841
What are the prime factors of 103812173?
103812173
List the prime factors of 366715293.
3, 7, 17462633
List the prime factors of 20430180.
2, 3, 5, 113501
What are the prime factors of 3959868534?
2, 3, 47, 223, 62969
List the prime factors of 181342078.
2, 7549, 12011
List the prime factors of 4079339936.
2, 7, 41, 444179
What are the prime factors of 3410020557?
3, 107, 137, 25847
What are the prime factors of 39321989?
7, 5617427
List the prime factors of 4324956736.
2, 4057, 16657
List the prime factors of 146182947.
3, 48727649
List the prime factors of 2549508880.
2, 5, 31868861
What are the prime factors of 7814946254?
2, 2341, 1669147
List the prime factors of 127476100.
2, 5, 37, 131, 263
List the prime factors of 76844603.
11, 2503, 2791
What are the prime factors of 406931097?
3, 479, 283181
What are the prime factors of 475913685?
3, 5, 13, 317, 7699
What are the prime factors of 43168539?
3, 23, 625631
What are the prime factors of 605900876?
2, 7, 17, 47, 53, 73
List the prime factors of 787548209.
7, 127, 885881
What are the prime factors of 29309108?
2, 881, 8317
What are the prime factors of 70713851?
13, 5439527
What are the prime factors of 729976547?
729976547
What are the prime factors of 52015717?
13, 1367, 2927
What are the prime factors of 1286038346?
2, 47, 13681259
List the prime factors of 22819862.
2, 13, 41, 21407
List the prime factors of 2411948885.
5, 7253, 66509
What are the prime factor